s of y?
17
Suppose -u = -5 + 1. Suppose 5*s - u*s - 5 = 0. What are the prime factors of s/(1/3*1)?
3, 5
Suppose t - 179 = 56. What are the prime factors of t?
5, 47
List the prime factors of (-130)/39*((-1392)/10)/2.
2, 29
Suppose 18 = -2*g + 4*s, -3*g - 2*g - 2*s = -3. Let m be (-6)/(3/g) + 4. Suppose -3*i = 2*x - 6 - m, 3*i = -5*x + 39. List the prime factors of x.
3
Suppose -25 = 8*z - 13*z. Let m(c) be the first derivative of c**2 + 2*c + 1. List the prime factors of m(z).
2, 3
Let x(o) = o**2 - 9*o + 26. What are the prime factors of x(11)?
2, 3
Let w = 61 + -31. List the prime factors of w.
2, 3, 5
Let i be ((-16)/(-24))/(2/6). Suppose -3*v - 2*v + 55 = 4*m, 30 = i*m + 2*v. What are the prime factors of m?
2, 5
Let l(r) be the third derivative of r**4/8 - r**3/3 + 2*r**2. List the prime factors of l(5).
13
Let a(g) = g + 5 + 7*g - g**2 + 4*g - 3*g. What are the prime factors of a(8)?
13
Suppose -5*i = 3*i - 720. What are the prime factors of i?
2, 3, 5
Suppose -2*d + 41 = 27. What are the prime factors of d?
7
Suppose 3*t - 15 + 45 = 0. What are the prime factors of ((-36)/15)/4*t?
2, 3
Let u = -5 + 46. What are the prime factors of u?
41
Suppose -397 = 6*t - 1429. What are the prime factors of t?
2, 43
Suppose 9*v - 12*v + 9 = 0. What are the prime factors of 1/v + 38/3?
13
Let s be 57/2*(-1 + -1). Let t = 130 + s. Suppose 0 = -b + 3*o + 22, 5*o + t - 23 = 3*b. List the prime factors of b.
2, 5
Let k = 121 - 5. What are the prime factors of k?
2, 29
List the prime factors of 6665/20 - (-1)/(-4).
3, 37
Let g = 9 + -8. Suppose 0 = c - g - 5. List the prime factors of c.
2, 3
Suppose -6*r + 4*r = -96. List the prime factors of r.
2, 3
Let l(t) = -1 - 26*t - 6 + 24*t. Suppose -2*k + 6*o = 2*o + 24, 5*o = 4*k + 42. List the prime factors of l(k).
3
Let p(r) = -r**2 + 5*r + 6. Let g be p(5). Let z = 23 - g. What are the prime factors of z?
17
Suppose 2*u = k - 0*u - 67, 5*u = 2*k - 130. What are the prime factors of k?
3, 5
Let f(c) = c + 2. Let r be f(0). Suppose -4*w + 3*x = -44, r*x = -5*w + 3*x + 44. List the prime factors of w.
2
Suppose -2*n - 3*v + 205 = 0, -5*n + 315 = 3*v - 175. Suppose 0 = -w - 4*w + n. List the prime factors of w.
19
Suppose -3*s = -4*o + 640, 769 = 6*o - o + 4*s. What are the prime factors of o?
157
Let k be ((-6)/(-4))/((-15)/(-680)). Suppose 0*a = -2*a + 2*o - k, 158 = -5*a + o. Let n = a - -44. What are the prime factors of n?
13
Let d(q) = 2*q**2 + 22*q + 11. List the prime factors of d(-12).
5, 7
Let d(z) = -z**2 - 6*z - 4. Suppose 0*m - 4*m - 20 = 0. Let a be d(m). Suppose k + t - 17 = 0, 4*t - 3 = a. What are the prime factors of k?
2
List the prime factors of (272/24)/((-1)/(-3)).
2, 17
Let k = -8 + 7. Let g be (1/3)/(k/(-9)). Suppose -w + 2*w - g = 0. List the prime factors of w.
3
Let y = -187 + 390. List the prime factors of y.
7, 29
Let s(i) = -1 + 1 + 1 + 0 + 2*i**2. What are the prime factors of s(3)?
19
Let l(y) = -y**2 + y + 5. Let j be l(0). Suppose 3*x = -4*s + 141, 0*s + j*s = 4*x + 215. What are the prime factors of s?
3, 13
Let g be (-2)/(-4) + 1/(-2). Let x = g - -2. Suppose -x*a - 5*o - 16 = a, 2*o = 2*a - 16. List the prime factors of a.
3
Suppose 0 = 3*t + 2*g - 1173, -g = -2 - 1. What are the prime factors of t?
389
Let z = -4 - -5. Let p be (0 + 2)/(-2*z). What are the prime factors of 1*8 + p + -1?
2, 3
Suppose 4*s - 14 - 98 = 0. What are the prime factors of s?
2, 7
Let m be 1/(1*1/(-5)). Let w be (8/(-10))/(2/m). Suppose -b - w*b + 30 = 0. List the prime factors of b.
2, 5
Suppose 0*j + 4*j + 4 = 0, -5*n = j - 379. List the prime factors of n.
2, 19
Let c = 31 + -8. List the prime factors of c.
23
Suppose 1 + 7 = 4*m. Suppose 2*t - 5*y = 0, -m*t + 2*y + 2*y = 0. List the prime factors of (9 - -1) + (0 - t).
2, 5
Let g be (0 + 1)*2/2. Let y = g - -18. List the prime factors of y.
19
Suppose 5*i = 3*i. Suppose i = 3*w - w. Suppose 3*l = -h + 39, w*l = -l - 3*h + 21. What are the prime factors of l?
2, 3
Let g = 6 + -2. Suppose 198 = 4*m - s, -g*s = 2*m - 50 - 58. Suppose m = 4*v + 6. What are the prime factors of v?
11
Suppose -12 = p + 3*o, 3*p + 2*o = -3*o - 40. Let t = 1 - p. What are the prime factors of t?
2
Suppose 4*p - 9*p = -80. List the prime factors of p.
2
Suppose 5*c = -397 + 1197. List the prime factors of c.
2, 5
Suppose -3*n - 258 = -3*b, -b + 94 = n - 6*n. What are the prime factors of b?
2, 3, 7
Let h(a) = a**2 - 8*a - 7. Let r be h(8). Let m = r - -26. What are the prime factors of m?
19
Let o(a) = 3*a + 1. Let g(z) = z - 3. Let w be g(6). Let l be o(w). Suppose -5*i + l = -0. What are the prime factors of i?
2
Suppose 4*a = -0*a + 24. Suppose a*s = s - 15. Let u = 14 + s. What are the prime factors of u?
11
Suppose -1 = 3*f + 3*k - 13, 2*f = 5*k + 15. Suppose 5*w + f*o = 35, 0*w - 5*w + 5*o = -5. What are the prime factors of w?
2
Let x(a) = -a**3 - 4*a**2 + 5. List the prime factors of x(-5).
2, 3, 5
Let q = -4 - -4. Let g be (q + -1)/((-1)/4). Let k = g - 2. List the prime factors of k.
2
Let a(z) be the third derivative of z**4 + z**3/6 - 3*z**2. List the prime factors of a(1).
5
Suppose -4*k - 12 = -32. List the prime factors of k.
5
Let o(w) = w**2 + 12*w + 3. Let p be o(-12). Let y be (p/(-2))/(2/(-20)). Suppose -y - 20 = -5*f. What are the prime factors of f?
7
Suppose 0 = 3*y + 2*y - 3*n - 898, 562 = 3*y + 4*n. List the prime factors of y.
2, 7, 13
Let s = 19 - 64. List the prime factors of (-5)/(s/(-24))*-3.
2
Suppose j - 2*y = -j + 20, 0 = -3*y - 15. Suppose -5*l - 130 = -j*r, 2*r + 3*l - 146 = -3*r. Suppose 0*d - r = -2*d. What are the prime factors of d?
2, 7
List the prime factors of (2 + 1 + 1)*1.
2
Suppose -5*f + 632 + 44 = -y, -f + 4*y + 139 = 0. What are the prime factors of f?
3, 5
Let g = 5 - 0. Suppose -3*s + 4 = -g. List the prime factors of s.
3
Suppose 5*r = -20, 2*l + r + 15 = -7. Suppose -5*s - 70 = -4*t - t, -2*t = 4*s - 22. Let d = l + t. List the prime factors of d.
2
Let n = 395 + -219. Suppose -n - 52 = -4*p. List the prime factors of p.
3, 19
Let t = 10 - 7. Suppose 0 = 5*v + 4*z - 23, -3 = -3*v - 5*z + t. Let n(h) = -h**2 + 7*h + 2. List the prime factors of n(v).
2
Suppose -5*v - 25 = 0, -3*n + 5*v = n - 45. Let q be n/20 - (-11)/4. Suppose -q*f - 3*l + 48 = 0, -2*f - 5*l + 2*l = -32. What are the prime factors of f?
2
Suppose 0 = 5*z - 6*z + 205. List the prime factors of z.
5, 41
Let w(t) = t**2 - 8*t - 6. Let c(h) = -2*h**2 + 16*h + 11. Let p(d) = 6*c(d) + 11*w(d). What are the prime factors of p(7)?
7
What are the prime factors of ((-14)/28)/((-1)/62)?
31
Let w be 0/1 + 10/(-5). Let l be (-663)/(-12) - w/(-8). Suppose q + 4*q - l = 0. List the prime factors of q.
11
Suppose -189 = -2*m - 5*j, 3*m = 4*j + j + 296. Let r = m - 63. List the prime factors of r.
2, 17
Let x = 12 - 7. List the prime factors of 5/(-25) - (-191)/x.
2, 19
Suppose -2*p = -3*p + 2. Suppose c = -3*j + 26, -2*j + 2*c + 2 = -p. What are the prime factors of j?
7
Suppose -3*z = 12*m - 16*m - 449, 0 = 2*z + 5*m - 284. List the prime factors of z.
3, 7
Suppose -x + 6*x - 110 = 0. Suppose -u = u - x. Suppose 0 = k - 4*c - 10, 3 = 4*k - 3*c - u. What are the prime factors of k?
2
Suppose -908 + 328 = -5*g. What are the prime factors of g?
2, 29
Suppose 0 = -5*a - 2*m + 41 - 11, -2*a + m + 3 = 0. Suppose 2*l + 36 = a*l. What are the prime factors of l?
2, 3
Suppose 5*f = -5*c + 235, 0 = -3*c + 2*f - 0*f + 121. Let z(j) = -2*j**2 - 3*j - 4. Let d be z(3). Let p = c + d. List the prime factors of p.
2, 3
Let f be 0 + 0 + -4 + 1. Let b(i) = 2*i**2 + 3*i - 1. Let p be b(f). Suppose a = -2*t - p, 2*a - 14 = 3*t - t. What are the prime factors of a?
2
Let d(w) = w**2 - 5*w + 1. Let p be d(5). Suppose -b - p = -6. Suppose -b*x - 3*c - c + 28 = 0, 4*c = -x - 4. What are the prime factors of x?
2
Let l(v) = -v**3 + 2*v**2 - v - 2. Let i be 2*(0 + (1 - 0)). Let h be l(i). List the prime factors of (-1)/((4/19)/h).
19
Let d(a) = 12*a**2 + 14*a. What are the prime factors of d(5)?
2, 5, 37
Suppose 0 = 3*d - 0*j - 4*j + 37, j = d + 11. Let n = d - -10. Let o = 1 + n. What are the prime factors of o?
2
Let u = 2 - 0. Let v = u - 8. List the prime factors of (-44)/v - (-4)/6.
2
Let a = -207 + 346. List the prime factors of a.
139
Suppose -2*x - 5*j = 0, -2*x + 4*j = 3*x - 33.